{"id":226,"date":"2022-11-21T10:17:50","date_gmt":"2022-11-21T10:17:50","guid":{"rendered":"https:\/\/productions2.parkwaylabs.com\/falk\/?page_id=226"},"modified":"2023-03-03T10:18:34","modified_gmt":"2023-03-03T10:18:34","slug":"expertis-var-expertis","status":"publish","type":"page","link":"https:\/\/productions2.parkwaylabs.com\/falk\/expertis-var-expertis\/","title":{"rendered":"Expertis &#8211; V\u00e5r expertis"},"content":{"rendered":"<p>[vc_row full_width=&#8221;stretch_row_content_no_spaces&#8221; full_height=&#8221;yes&#8221; content_placement=&#8221;middle&#8221; el_class=&#8221;home_main_bl1&#8243; css=&#8221;.vc_custom_1677404892780{background-image: url(https:\/\/productions2.parkwaylabs.com\/falk\/wp-content\/uploads\/2023\/02\/pexels-sora-shimazaki-5668484-1-1.jpg?id=1081) !important;background-position: center !important;background-repeat: no-repeat !important;background-size: cover !important;}&#8221;][vc_column][vc_row_inner][vc_column_inner][\/vc_column_inner][\/vc_row_inner][\/vc_column][\/vc_row][vc_row full_width=&#8221;stretch_row_content&#8221; equal_height=&#8221;yes&#8221; el_class=&#8221;black_mid_bl_style1&#8243; css=&#8221;.vc_custom_1677404523753{background-color: #eae7e2 !important;}&#8221;][vc_column][vc_row_inner][vc_column_inner el_class=&#8221;black_mid_bl_style1_col_1&#8243; width=&#8221;3\/12&#8243;][vc_column_text]Expertis[\/vc_column_text][\/vc_column_inner][vc_column_inner el_class=&#8221;black_mid_bl_style1_col_2&#8243; width=&#8221;7\/12&#8243;][vc_column_text]I \u00f6ver 15 \u00e5r har Falk &amp; Partners hj\u00e4lpt f\u00f6retag och privatpersoner att fatta v\u00e4lgrundade beslut om pensioner, f\u00f6rs\u00e4kringar och placeringar. Genom upphandling, analys och r\u00e5dgivning skapar vi marknadens fr\u00e4msta spar- och f\u00f6rs\u00e4kringsl\u00f6sningar. Vi samarbetar med ett stort antal f\u00f6rs\u00e4kringsbolag och finansiella institut \u2013 allt f\u00f6r att skapa en l\u00f6sning som passar dig och ditt f\u00f6retag.[\/vc_column_text][\/vc_column_inner][vc_column_inner width=&#8221;2\/12&#8243;][\/vc_column_inner][\/vc_row_inner][\/vc_column][\/vc_row][vc_row full_width=&#8221;stretch_row_content&#8221; el_class=&#8221;three_col_cont_link_bl three_col_cont_link_bl_sty_2&#8243;][vc_column width=&#8221;1\/4&#8243; el_class=&#8221;three_col_cont_link_bl_col_1&#8243;][vc_column_text el_class=&#8221;three_col_cont_link_bl_col_1_ttl&#8221;]V\u00e5r expertis[\/vc_column_text][\/vc_column][vc_column width=&#8221;1\/2&#8243; el_class=&#8221;three_col_cont_link_bl_col_2&#8243;][vc_column_text el_class=&#8221;three_col_cont_link_bl_col_2_bl_ttl&#8221;]<strong>Ett m\u00f6te med oss<\/strong>[\/vc_column_text][vc_column_text el_class=&#8221;three_col_cont_link_bl_col_2_bl_cont&#8221;]Falk &amp; Partners uppmuntrar till m\u00f6ten. Vi vill tr\u00e4ffa er f\u00f6r att det \u00e4r i det personliga m\u00f6tet som trygghet skapas. En trygghet f\u00f6r er d\u00e5 ni tydligt f\u00e5r se och delta i v\u00e5r arbetsmetodik. Men \u00e4ven en trygghet f\u00f6r oss som r\u00e5dgivare d\u00e5 vi l\u00e4ttare kan skapa en kundanalys som tydligg\u00f6r era behov och f\u00f6rv\u00e4ntningar.[\/vc_column_text][vc_column_text el_class=&#8221;three_col_cont_link_bl_col_2_bl_ttl&#8221;]<strong>V\u00e5r r\u00e5dgivning<\/strong>[\/vc_column_text][vc_column_text el_class=&#8221;three_col_cont_link_bl_col_2_bl_cont&#8221;]Falk &amp; Partners Kapitalf\u00f6rvaltning uppmuntrar till m\u00f6ten. Vi vill tr\u00e4ffa er f\u00f6r att det \u00e4r i det personliga m\u00f6tet som trygghet skapas. En trygghet f\u00f6r er d\u00e5 ni tydligt f\u00e5r se och delta i hur er portf\u00f6lj byggs och f\u00f6rvaltas. Men \u00e4ven en trygghet f\u00f6r oss som f\u00f6rvaltare d\u00e5 vi l\u00e4ttare kan skapa en kundanalys som tydligg\u00f6r era behov och f\u00f6rv\u00e4ntningar.[\/vc_column_text][vc_column_text el_class=&#8221;three_col_cont_link_bl_col_2_bl_ttl&#8221;]<strong>Hos oss f\u00e5r du tillg\u00e5ng till:<\/strong>[\/vc_column_text][vc_column_text el_class=&#8221;three_col_cont_link_bl_col_2_bl_cont&#8221;]\u2013 Personlig r\u00e5dgivning<br \/>\n\u2013 Personliga m\u00f6ten<br \/>\n\u2013 Diskretion\u00e4r f\u00f6rvaltning<br \/>\n\u2013 R\u00e5dgivande f\u00f6rvaltning<br \/>\n\u2013 Pensions- och uttagsplanering<br \/>\n\u2013 L\u00f6pande marknadskommentarer<br \/>\n\u2013 Tillg\u00e5ng till unika investeringar<br \/>\n\u2013 Exklusiva evenemang[\/vc_column_text][vc_column_text el_class=&#8221;three_col_cont_link_bl_col_2_bl_ttl&#8221;]<strong>V\u00e5ra tj\u00e4nster:<\/strong>[\/vc_column_text][vc_column_text el_class=&#8221;three_col_cont_link_bl_col_2_bl_cont&#8221;]\u2013 Kapitalf\u00f6rvaltning<br \/>\n\u2013 Kassaf\u00f6rvaltning<br \/>\n\u2013 Pensionsl\u00f6sningar<br \/>\n\u2013 Optimera pensionsuttag<br \/>\n\u2013 Hj\u00e4lp vid generationsskiften<br \/>\n\u2013 Kompanjonsavtal<br \/>\n\u2013 F\u00f6rs\u00e4kringsr\u00e5dgivning[\/vc_column_text][\/vc_column][vc_column width=&#8221;1\/4&#8243; el_class=&#8221;three_col_cont_link_bl_col_3&#8243;][vc_column_text el_class=&#8221;three_col_cont_link_bl_col_3_link_txt scroll_bl&#8221;]<a class=\"highlight_link\" href=\"https:\/\/productions2.parkwaylabs.com\/falk\/expertis-var-expertis\/\">V\u00e5r Expertis<\/a><br \/>\n<a href=\"https:\/\/productions2.parkwaylabs.com\/falk\/expertis_for_privatepersoner\/\">F\u00f6r Privatpersoner<\/a><br \/>\n<a href=\"https:\/\/productions2.parkwaylabs.com\/falk\/expertis-for-foretag\/\">F\u00f6r F\u00f6retag<\/a><br \/>\n<a href=\"https:\/\/productions2.parkwaylabs.com\/falk\/expertis-stiftelser\/\">Stiftelser och Institutioner<\/a><br \/>\n<a href=\"https:\/\/productions2.parkwaylabs.com\/falk\/for-entreprenorer\/\">F\u00f6r Entrepren\u00f6rer<\/a>[\/vc_column_text][\/vc_column][\/vc_row][vc_row full_width=&#8221;stretch_row_content&#8221; equal_height=&#8221;yes&#8221; disable_element=&#8221;yes&#8221; el_class=&#8221;three_col_cont_link_bl three_col_cont_link_bl_sty_2&#8243;][vc_column width=&#8221;2\/3&#8243;][vc_row_inner equal_height=&#8221;yes&#8221;][vc_column_inner el_class=&#8221;three_col_cont_link_bl_col_1&#8243; width=&#8221;1\/2&#8243;][vc_column_text el_class=&#8221;three_col_cont_link_bl_col_1_ttl&#8221;]V\u00e5r expertis[\/vc_column_text][\/vc_column_inner][vc_column_inner el_class=&#8221;three_col_cont_link_bl_col_2_bl&#8221; width=&#8221;1\/2&#8243;][vc_column_text el_class=&#8221;three_col_cont_link_bl_col_2_bl_ttl&#8221;]<strong>Ett m\u00f6te med oss<\/strong>[\/vc_column_text][vc_column_text el_class=&#8221;three_col_cont_link_bl_col_2_bl_cont&#8221;]Falk &amp; Partners uppmuntrar till m\u00f6ten. Vi vill tr\u00e4ffa er f\u00f6r att det \u00e4r i det personliga m\u00f6tet som trygghet skapas. En trygghet f\u00f6r er d\u00e5 ni tydligt f\u00e5r se och delta i v\u00e5r arbetsmetodik. Men \u00e4ven en trygghet f\u00f6r oss som r\u00e5dgivare d\u00e5 vi l\u00e4ttare kan skapa en kundanalys som tydligg\u00f6r era behov och f\u00f6rv\u00e4ntningar.[\/vc_column_text][vc_column_text el_class=&#8221;three_col_cont_link_bl_col_2_bl_ttl&#8221;]<strong>V\u00e5r r\u00e5dgivning<\/strong>[\/vc_column_text][vc_column_text el_class=&#8221;three_col_cont_link_bl_col_2_bl_cont&#8221;]Falk &amp; Partners Kapitalf\u00f6rvaltning uppmuntrar till m\u00f6ten. Vi vill tr\u00e4ffa er f\u00f6r att det \u00e4r i det personliga m\u00f6tet som trygghet skapas. En trygghet f\u00f6r er d\u00e5 ni tydligt f\u00e5r se och delta i hur er portf\u00f6lj byggs och f\u00f6rvaltas. Men \u00e4ven en trygghet f\u00f6r oss som f\u00f6rvaltare d\u00e5 vi l\u00e4ttare kan skapa en kundanalys som tydligg\u00f6r era behov och f\u00f6rv\u00e4ntningar.[\/vc_column_text][vc_toggle title=&#8221;Hos oss f\u00e5r du tillg\u00e5ng till:&#8221; el_class=&#8221;three_col_cont_link_bl_col_2_toggle_bl&#8221;]- Personlig r\u00e5dgivning<br \/>\n&#8211; Personliga m\u00f6ten<br \/>\n&#8211; Diskretion\u00e4r f\u00f6rvaltning<br \/>\n&#8211; R\u00e5dgivande f\u00f6rvaltning<br \/>\n&#8211; Pensions- och uttagsplanering<br \/>\n&#8211; L\u00f6pande marknadskommentarer<br \/>\n&#8211; Tillg\u00e5ng till unika investeringar<br \/>\n&#8211; Exklusiva evenemang[\/vc_toggle][vc_toggle title=&#8221;V\u00e5ra tj\u00e4nster:&#8221; el_class=&#8221;three_col_cont_link_bl_col_2_toggle_bl tog_mob_no_margin&#8221;]- Kapitalf\u00f6rvaltning<br \/>\n&#8211; Kassaf\u00f6rvaltning<br \/>\n&#8211; Pensionsl\u00f6sningar<br \/>\n&#8211; Optimera pensionsuttag<br \/>\n&#8211; Hj\u00e4lp vid generationsskiften<br \/>\n&#8211; Kompanjonsavtal<br \/>\n&#8211; F\u00f6rs\u00e4kringsr\u00e5dgivning[\/vc_toggle][\/vc_column_inner][\/vc_row_inner][vc_row_inner el_class=&#8221;cus_mobile_view&#8221;][vc_column_inner][vc_column_text el_class=&#8221;three_col_cont_link_bl_col_3_link_txt&#8221;]<a class=\"highlight_link\" href=\"https:\/\/productions2.parkwaylabs.com\/falk\/expertis-var-expertis\/\">V\u00e5r Expertis<\/a><br \/>\n<a href=\"https:\/\/productions2.parkwaylabs.com\/falk\/expertis_for_privatepersoner\/\">F\u00f6r Privatpersoner<\/a><br \/>\n<a href=\"https:\/\/productions2.parkwaylabs.com\/falk\/expertis-for-foretag\/\">F\u00f6r F\u00f6retag<\/a><br \/>\n<a href=\"https:\/\/productions2.parkwaylabs.com\/falk\/expertis-stiftelser\/\">Stiftelser och Institutioner<\/a><br \/>\n<a href=\"https:\/\/productions2.parkwaylabs.com\/falk\/for-entreprenorer\/\">F\u00f6r Entrepren\u00f6rer<\/a>[\/vc_column_text][\/vc_column_inner][\/vc_row_inner][\/vc_column][vc_column width=&#8221;1\/3&#8243; el_class=&#8221;three_col_cont_link_bl_col_3_bl cus_desktop_view&#8221;][vc_column_text el_class=&#8221;three_col_cont_link_bl_col_3_link_txt scroll_bl&#8221;]<a class=\"highlight_link\" href=\"https:\/\/productions2.parkwaylabs.com\/falk\/expertis-var-expertis\/\">V\u00e5r Expertis<\/a><br \/>\n<a href=\"https:\/\/productions2.parkwaylabs.com\/falk\/expertis_for_privatepersoner\/\">F\u00f6r Privatpersoner<\/a><br \/>\n<a href=\"https:\/\/productions2.parkwaylabs.com\/falk\/expertis-for-foretag\/\">F\u00f6r F\u00f6retag<\/a><br \/>\n<a href=\"https:\/\/productions2.parkwaylabs.com\/falk\/expertis-stiftelser\/\">Stiftelser och Institutioner<\/a><br \/>\n<a href=\"https:\/\/productions2.parkwaylabs.com\/falk\/for-entreprenorer\/\">F\u00f6r Entrepren\u00f6rer<\/a>[\/vc_column_text][\/vc_column][\/vc_row][vc_row disable_element=&#8221;yes&#8221;][vc_column][vc_empty_space height=&#8221;120px&#8221;][\/vc_column][\/vc_row]<\/p>\n","protected":false},"excerpt":{"rendered":"<p>[vc_row full_width=&#8221;stretch_row_content_no_spaces&#8221; full_height=&#8221;yes&#8221; content_placement=&#8221;middle&#8221; el_class=&#8221;home_main_bl1&#8243; css=&#8221;.vc_custom_1677404892780{background-image: url(https:\/\/productions2.parkwaylabs.com\/falk\/wp-content\/uploads\/2023\/02\/pexels-sora-shimazaki-5668484-1-1.jpg?id=1081) !important;background-position: center !important;background-repeat: no-repeat !important;background-size: cover !important;}&#8221;][vc_column][vc_row_inner][vc_column_inner][\/vc_column_inner][\/vc_row_inner][\/vc_column][\/vc_row][vc_row full_width=&#8221;stretch_row_content&#8221; equal_height=&#8221;yes&#8221; el_class=&#8221;black_mid_bl_style1&#8243; css=&#8221;.vc_custom_1677404523753{background-color: #eae7e2 !important;}&#8221;][vc_column][vc_row_inner][vc_column_inner el_class=&#8221;black_mid_bl_style1_col_1&#8243; width=&#8221;3\/12&#8243;][vc_column_text]Expertis[\/vc_column_text][\/vc_column_inner][vc_column_inner el_class=&#8221;black_mid_bl_style1_col_2&#8243; width=&#8221;7\/12&#8243;][vc_column_text]I \u00f6ver 15 \u00e5r har Falk &amp; Partners hj\u00e4lpt f\u00f6retag och privatpersoner att fatta v\u00e4lgrundade beslut om pensioner, f\u00f6rs\u00e4kringar och placeringar. Genom upphandling, analys och r\u00e5dgivning skapar vi marknadens fr\u00e4msta spar- och &hellip; <a href=\"https:\/\/productions2.parkwaylabs.com\/falk\/expertis-var-expertis\/\" class=\"more-link\">Continue reading <span class=\"screen-reader-text\">Expertis &#8211; V\u00e5r expertis<\/span><\/a><\/p>\n","protected":false},"author":1,"featured_media":0,"parent":0,"menu_order":0,"comment_status":"closed","ping_status":"closed","template":"","meta":{"inline_featured_image":false,"footnotes":""},"class_list":["post-226","page","type-page","status-publish","hentry"],"acf":[],"yoast_head":"<!-- This site is optimized with the Yoast SEO plugin v20.9 - https:\/\/yoast.com\/wordpress\/plugins\/seo\/ -->\n<title>Expertis - V\u00e5r expertis - Falk &amp; Partners<\/title>\n<meta name=\"robots\" content=\"index, follow, max-snippet:-1, max-image-preview:large, max-video-preview:-1\" \/>\n<link rel=\"canonical\" href=\"https:\/\/productions2.parkwaylabs.com\/falk\/expertis-var-expertis\/\" \/>\n<meta property=\"og:locale\" content=\"en_US\" \/>\n<meta property=\"og:type\" content=\"article\" \/>\n<meta property=\"og:title\" content=\"Expertis - V\u00e5r expertis - Falk &amp; Partners\" \/>\n<meta property=\"og:description\" content=\"[vc_row full_width=&#8221;stretch_row_content_no_spaces&#8221; full_height=&#8221;yes&#8221; content_placement=&#8221;middle&#8221; el_class=&#8221;home_main_bl1&#8243; css=&#8221;.vc_custom_1677404892780{background-image: url(https:\/\/productions2.parkwaylabs.com\/falk\/wp-content\/uploads\/2023\/02\/pexels-sora-shimazaki-5668484-1-1.jpg?id=1081) !important;background-position: center !important;background-repeat: no-repeat !important;background-size: cover !important;}&#8221;][vc_column][vc_row_inner][vc_column_inner][\/vc_column_inner][\/vc_row_inner][\/vc_column][\/vc_row][vc_row full_width=&#8221;stretch_row_content&#8221; equal_height=&#8221;yes&#8221; el_class=&#8221;black_mid_bl_style1&#8243; css=&#8221;.vc_custom_1677404523753{background-color: #eae7e2 !important;}&#8221;][vc_column][vc_row_inner][vc_column_inner el_class=&#8221;black_mid_bl_style1_col_1&#8243; width=&#8221;3\/12&#8243;][vc_column_text]Expertis[\/vc_column_text][\/vc_column_inner][vc_column_inner el_class=&#8221;black_mid_bl_style1_col_2&#8243; width=&#8221;7\/12&#8243;][vc_column_text]I \u00f6ver 15 \u00e5r har Falk &amp; Partners hj\u00e4lpt f\u00f6retag och privatpersoner att fatta v\u00e4lgrundade beslut om pensioner, f\u00f6rs\u00e4kringar och placeringar. Genom upphandling, analys och r\u00e5dgivning skapar vi marknadens fr\u00e4msta spar- och &hellip; Continue reading Expertis &#8211; V\u00e5r expertis\" \/>\n<meta property=\"og:url\" content=\"https:\/\/productions2.parkwaylabs.com\/falk\/expertis-var-expertis\/\" \/>\n<meta property=\"og:site_name\" content=\"Falk &amp; Partners\" \/>\n<meta property=\"article:modified_time\" content=\"2023-03-03T10:18:34+00:00\" \/>\n<meta name=\"twitter:card\" content=\"summary_large_image\" \/>\n<meta name=\"twitter:label1\" content=\"Est. reading time\" \/>\n\t<meta name=\"twitter:data1\" content=\"6 minutes\" \/>\n<script type=\"application\/ld+json\" class=\"yoast-schema-graph\">{\"@context\":\"https:\/\/schema.org\",\"@graph\":[{\"@type\":\"WebPage\",\"@id\":\"https:\/\/productions2.parkwaylabs.com\/falk\/expertis-var-expertis\/\",\"url\":\"https:\/\/productions2.parkwaylabs.com\/falk\/expertis-var-expertis\/\",\"name\":\"Expertis - V\u00e5r expertis - Falk &amp; Partners\",\"isPartOf\":{\"@id\":\"https:\/\/productions2.parkwaylabs.com\/falk\/#website\"},\"datePublished\":\"2022-11-21T10:17:50+00:00\",\"dateModified\":\"2023-03-03T10:18:34+00:00\",\"breadcrumb\":{\"@id\":\"https:\/\/productions2.parkwaylabs.com\/falk\/expertis-var-expertis\/#breadcrumb\"},\"inLanguage\":\"en-US\",\"potentialAction\":[{\"@type\":\"ReadAction\",\"target\":[\"https:\/\/productions2.parkwaylabs.com\/falk\/expertis-var-expertis\/\"]}]},{\"@type\":\"BreadcrumbList\",\"@id\":\"https:\/\/productions2.parkwaylabs.com\/falk\/expertis-var-expertis\/#breadcrumb\",\"itemListElement\":[{\"@type\":\"ListItem\",\"position\":1,\"name\":\"Home\",\"item\":\"https:\/\/productions2.parkwaylabs.com\/falk\/\"},{\"@type\":\"ListItem\",\"position\":2,\"name\":\"Expertis &#8211; V\u00e5r expertis\"}]},{\"@type\":\"WebSite\",\"@id\":\"https:\/\/productions2.parkwaylabs.com\/falk\/#website\",\"url\":\"https:\/\/productions2.parkwaylabs.com\/falk\/\",\"name\":\"Falk &amp; Partners\",\"description\":\"\",\"publisher\":{\"@id\":\"https:\/\/productions2.parkwaylabs.com\/falk\/#organization\"},\"potentialAction\":[{\"@type\":\"SearchAction\",\"target\":{\"@type\":\"EntryPoint\",\"urlTemplate\":\"https:\/\/productions2.parkwaylabs.com\/falk\/?s={search_term_string}\"},\"query-input\":\"required name=search_term_string\"}],\"inLanguage\":\"en-US\"},{\"@type\":\"Organization\",\"@id\":\"https:\/\/productions2.parkwaylabs.com\/falk\/#organization\",\"name\":\"Falk &amp; Partners\",\"url\":\"https:\/\/productions2.parkwaylabs.com\/falk\/\",\"logo\":{\"@type\":\"ImageObject\",\"inLanguage\":\"en-US\",\"@id\":\"https:\/\/productions2.parkwaylabs.com\/falk\/#\/schema\/logo\/image\/\",\"url\":\"https:\/\/productions2.parkwaylabs.com\/falk\/wp-content\/uploads\/2022\/11\/Logotyp.svg\",\"contentUrl\":\"https:\/\/productions2.parkwaylabs.com\/falk\/wp-content\/uploads\/2022\/11\/Logotyp.svg\",\"width\":162,\"height\":108,\"caption\":\"Falk &amp; Partners\"},\"image\":{\"@id\":\"https:\/\/productions2.parkwaylabs.com\/falk\/#\/schema\/logo\/image\/\"}}]}<\/script>\n<!-- \/ Yoast SEO plugin. -->","yoast_head_json":{"title":"Expertis - V\u00e5r expertis - Falk &amp; Partners","robots":{"index":"index","follow":"follow","max-snippet":"max-snippet:-1","max-image-preview":"max-image-preview:large","max-video-preview":"max-video-preview:-1"},"canonical":"https:\/\/productions2.parkwaylabs.com\/falk\/expertis-var-expertis\/","og_locale":"en_US","og_type":"article","og_title":"Expertis - V\u00e5r expertis - Falk &amp; Partners","og_description":"[vc_row full_width=&#8221;stretch_row_content_no_spaces&#8221; full_height=&#8221;yes&#8221; content_placement=&#8221;middle&#8221; el_class=&#8221;home_main_bl1&#8243; css=&#8221;.vc_custom_1677404892780{background-image: url(https:\/\/productions2.parkwaylabs.com\/falk\/wp-content\/uploads\/2023\/02\/pexels-sora-shimazaki-5668484-1-1.jpg?id=1081) !important;background-position: center !important;background-repeat: no-repeat !important;background-size: cover !important;}&#8221;][vc_column][vc_row_inner][vc_column_inner][\/vc_column_inner][\/vc_row_inner][\/vc_column][\/vc_row][vc_row full_width=&#8221;stretch_row_content&#8221; equal_height=&#8221;yes&#8221; el_class=&#8221;black_mid_bl_style1&#8243; css=&#8221;.vc_custom_1677404523753{background-color: #eae7e2 !important;}&#8221;][vc_column][vc_row_inner][vc_column_inner el_class=&#8221;black_mid_bl_style1_col_1&#8243; width=&#8221;3\/12&#8243;][vc_column_text]Expertis[\/vc_column_text][\/vc_column_inner][vc_column_inner el_class=&#8221;black_mid_bl_style1_col_2&#8243; width=&#8221;7\/12&#8243;][vc_column_text]I \u00f6ver 15 \u00e5r har Falk &amp; Partners hj\u00e4lpt f\u00f6retag och privatpersoner att fatta v\u00e4lgrundade beslut om pensioner, f\u00f6rs\u00e4kringar och placeringar. Genom upphandling, analys och r\u00e5dgivning skapar vi marknadens fr\u00e4msta spar- och &hellip; Continue reading Expertis &#8211; V\u00e5r expertis","og_url":"https:\/\/productions2.parkwaylabs.com\/falk\/expertis-var-expertis\/","og_site_name":"Falk &amp; Partners","article_modified_time":"2023-03-03T10:18:34+00:00","twitter_card":"summary_large_image","twitter_misc":{"Est. reading time":"6 minutes"},"schema":{"@context":"https:\/\/schema.org","@graph":[{"@type":"WebPage","@id":"https:\/\/productions2.parkwaylabs.com\/falk\/expertis-var-expertis\/","url":"https:\/\/productions2.parkwaylabs.com\/falk\/expertis-var-expertis\/","name":"Expertis - V\u00e5r expertis - Falk &amp; Partners","isPartOf":{"@id":"https:\/\/productions2.parkwaylabs.com\/falk\/#website"},"datePublished":"2022-11-21T10:17:50+00:00","dateModified":"2023-03-03T10:18:34+00:00","breadcrumb":{"@id":"https:\/\/productions2.parkwaylabs.com\/falk\/expertis-var-expertis\/#breadcrumb"},"inLanguage":"en-US","potentialAction":[{"@type":"ReadAction","target":["https:\/\/productions2.parkwaylabs.com\/falk\/expertis-var-expertis\/"]}]},{"@type":"BreadcrumbList","@id":"https:\/\/productions2.parkwaylabs.com\/falk\/expertis-var-expertis\/#breadcrumb","itemListElement":[{"@type":"ListItem","position":1,"name":"Home","item":"https:\/\/productions2.parkwaylabs.com\/falk\/"},{"@type":"ListItem","position":2,"name":"Expertis &#8211; V\u00e5r expertis"}]},{"@type":"WebSite","@id":"https:\/\/productions2.parkwaylabs.com\/falk\/#website","url":"https:\/\/productions2.parkwaylabs.com\/falk\/","name":"Falk &amp; Partners","description":"","publisher":{"@id":"https:\/\/productions2.parkwaylabs.com\/falk\/#organization"},"potentialAction":[{"@type":"SearchAction","target":{"@type":"EntryPoint","urlTemplate":"https:\/\/productions2.parkwaylabs.com\/falk\/?s={search_term_string}"},"query-input":"required name=search_term_string"}],"inLanguage":"en-US"},{"@type":"Organization","@id":"https:\/\/productions2.parkwaylabs.com\/falk\/#organization","name":"Falk &amp; Partners","url":"https:\/\/productions2.parkwaylabs.com\/falk\/","logo":{"@type":"ImageObject","inLanguage":"en-US","@id":"https:\/\/productions2.parkwaylabs.com\/falk\/#\/schema\/logo\/image\/","url":"https:\/\/productions2.parkwaylabs.com\/falk\/wp-content\/uploads\/2022\/11\/Logotyp.svg","contentUrl":"https:\/\/productions2.parkwaylabs.com\/falk\/wp-content\/uploads\/2022\/11\/Logotyp.svg","width":162,"height":108,"caption":"Falk &amp; Partners"},"image":{"@id":"https:\/\/productions2.parkwaylabs.com\/falk\/#\/schema\/logo\/image\/"}}]}},"_links":{"self":[{"href":"https:\/\/productions2.parkwaylabs.com\/falk\/wp-json\/wp\/v2\/pages\/226","targetHints":{"allow":["GET"]}}],"collection":[{"href":"https:\/\/productions2.parkwaylabs.com\/falk\/wp-json\/wp\/v2\/pages"}],"about":[{"href":"https:\/\/productions2.parkwaylabs.com\/falk\/wp-json\/wp\/v2\/types\/page"}],"author":[{"embeddable":true,"href":"https:\/\/productions2.parkwaylabs.com\/falk\/wp-json\/wp\/v2\/users\/1"}],"replies":[{"embeddable":true,"href":"https:\/\/productions2.parkwaylabs.com\/falk\/wp-json\/wp\/v2\/comments?post=226"}],"version-history":[{"count":76,"href":"https:\/\/productions2.parkwaylabs.com\/falk\/wp-json\/wp\/v2\/pages\/226\/revisions"}],"predecessor-version":[{"id":1356,"href":"https:\/\/productions2.parkwaylabs.com\/falk\/wp-json\/wp\/v2\/pages\/226\/revisions\/1356"}],"wp:attachment":[{"href":"https:\/\/productions2.parkwaylabs.com\/falk\/wp-json\/wp\/v2\/media?parent=226"}],"curies":[{"name":"wp","href":"https:\/\/api.w.org\/{rel}","templated":true}]}}